1004
In base 7, what is -2002203033 - -2?
-2002203031
In base 13, what is 1144a + b4?
11531
In base 2, what is 1001100001110001000110001 - 10?
1001100001110001000101111
In base 13, what is a3 - b219c?
-b20c9
In base 2, what is -101011100110101000 - 111010?
-101011100111100010
In base 12, what is 3 + 3b8491?
3b8494
In base 2, what is -10100 - -1001101001010001111100?
1001101001010001101000
In base 13, what is a02c + 884?
a8b3
In base 16, what is -a1 - -b0a3a?
b0999
In base 11, what is -56 + a229?
a183
In base 16, what is -4 + 49bcd?
49bc9
In base 14, what is 1d3 - -b663?
b856
In base 9, what is -1633 + 82538?
80805
In base 3, what is -1010012220022 - -200102?
-1010012012220
In base 9, what is 8 + 75721?
75730
In base 15, what is 196 + 2e45?
30db
In base 9, what is -3 + 1300272?
1300268
In base 5, what is -224424402 - -14?
-224424333
In base 16, what is -41b2 - 19a?
-434c
In base 11, what is 1671 + 2130?
37a1
In base 4, what is 30233302223 + 311?
30233303200
In base 5, what is 11202303410 + -3?
11202303402
In base 7, what is -10543402 - -11?
-10543361
In base 9, what is -311082780 - -3?
-311082776
In base 15, what is 730741 - -2?
730743
In base 16, what is -1f5 - -55a51?
5585c
In base 4, what is -211223300 - 1031?
-211230331
In base 14, what is 2 + 1a6bb2?
1a6bb4
In base 13, what is -1348778 + -31?
-13487a9
In base 13, what is -6361b35 - 6?
-6361b3b
In base 2, what is 1010100 + 11100000011100111010?
11100000011110001110
In base 6, what is -4 + -414102341?
-414102345
In base 8, what is 146 - 354342?
-354174
In base 11, what is -8108016 - -8?
-8108009
In base 14, what is -111d1 - -c1?
-11110
In base 4, what is -1301 + 13123102202?
13123100301
In base 15, what is 89512 - 50c?
89005
In base 16, what is ca53bf5 - -1?
ca53bf6
In base 5, what is -121340 - -1243?
-120042
In base 7, what is -353 - 60544?
-61230
In base 10, what is 11 + -943933?
-943922
In base 6, what is -244554202 + 54?
-244554104
In base 8, what is 3163633 - -3?
3163636
In base 14, what is 9366d0 + -2a?
9366a4
In base 10, what is -1 - -31920072?
31920071
In base 16, what is 4ca + -40266?
-3fd9c
In base 8, what is -173 + 622415?
622222
In base 8, what is 4 + -5635546?
-5635542
In base 16, what is 2e73 + 71?
2ee4
In base 2, what is 100011010 - 1001111101110?
-1001011010100
In base 2, what is 1010001000101000000001 + 100100101?
1010001000101100100110
In base 10, what is -3 + 256814667?
256814664
In base 16, what is -c2abc7f + 4?
-c2abc7b
In base 8, what is 5535154403 + -5?
5535154376
In base 14, what is 10b7b5 + 3?
10b7b8
In base 8, what is -231 + -1365051?
-1365302
In base 12, what is 3155a0 + 1?
3155a1
In base 11, what is 0 + -5293246a?
-5293246a
In base 14, what is 14 + -595b96?
-595b82
In base 13, what is -5b54a - 1b7?
-5b734
In base 3, what is 200102112 - -11220?
200121102
In base 12, what is -24 - 10b26770?
-10b26794
In base 2, what is 10 + 11101110101101111?
11101110101110001
In base 5, what is -311314203 - 12?
-311314220
In base 8, what is 640 - -1224371?
1225231
In base 14, what is -c53 + 1a69?
c16
In base 15, what is -16ba - 133?
-17ed
In base 15, what is 35be - 6d1?
2ddd
In base 7, what is 5 + -24102610?
-24102602
In base 2, what is -100 + -10000110110000111010101011110?
-10000110110000111010101100010
In base 2, what is 11000010 + -10100101101111111110?
-10100101101100111100
In base 8, what is -656 + 36517?
35641
In base 8, what is 400776 + -342?
400434
In base 7, what is -461640 - -1304?
-460333
In base 2, what is -101001111010011111101 + 11?
-101001111010011111010
In base 11, what is -9527 + 3701?
-5926
In base 16, what is -b021f + -1c6?
-b03e5
In base 9, what is 4 + 3473410?
3473414
In base 8, what is -160713 - -7472?
-151221
In base 13, what is 96 + 401597?
401660
In base 2, what is 101100001110110000010100 + -1?
101100001110110000010011
In base 8, what is -52 + 11025232?
11025160
In base 11, what is 8744 - -12927?
20570
In base 8, what is 517 + 2132334?
2133053
In base 9, what is 18085645 + -2?
18085643
In base 15, what is 151d4 + -182?
15052
In base 16, what is 4be115 - 9?
4be10c
In base 11, what is a110 - 3403?
6808
In base 9, what is -47327 + -253?
-47581
In base 16, what is 4 - -bce6b9?
bce6bd
In base 15, what is -70b9b - -3?
-70b98
In base 15, what is 465 + 34706?
34b6b
In base 16, what is -257 - -40a25?
407ce
In base 14, what is 188d2 - 2b36?
15b9a
In base 10, what is -17 + -34745075?
-34745092
In base 5, what is 43143111330 - 3?
43143111322
In base 16, what is -231 - -52f1?
50c0
In base 15, what is 270 + 22963?
22bd3
In base 6, what is -143414444 + -3?
-143414451
In base 16, what is 4 + fbc6b5?
fbc6b9
In base 8, what is 24164 - -2667?
27053
In base 15, what is -115a2 - -b24?
-1097d
In base 7, what is -25265541 + -4?
-25265545
In base 11, what is -11137 + 1358?
-a88a
In base 10, what is -341 + 32191?
31850
In base 2, what is 101100000110110100110 - 1111?
101100000110110010111
In base 14, what is -82 + -179678?
-17971a
In base 15, what is -1e86a - -198?
-1e6c2
In base 13, what is 22 + -8674c3?
-8674a1
In base 2, what is -111001010111001111000001010 + -110?
-111001010111001111000010000
In base 15, what is -32810c + -11?
-32811d
In base 6, what is -3 + 120111004?
120111001
In base 14, what is -1651b - 2291?
-187ac
In base 10, what is 13049563 + 0?
13049563
In base 8, what is -51 - -13366001?
13365730
In base 2, what is -1111011000011010111 - -101011?
-1111011000010101100
In base 11, what is -5390943 - 3?
-5390946
In base 10, what is -187 - 1654?
-1841
In base 2, what is -100010 - 11011001001100010100111?
-11011001001100011001001
In base 8, what is -6 + -2477003?
-2477011
In base 10, what is -5 - 46060216?
-46060221
In base 15, what is -34 + -133a65?
-133a99
In base 10, what is -3547746 - 1?
-3547747
In base 16, what is -1e02 + 5e1d?
401b
In base 16, what is -1d8db49 + -2a?
-1d8db73
In base 5, what is -3101204324 + 11?
-3101204313
In base 9, what is 1368 - 2740?
-1361
In base 14, what is -21a + -2c9d4?
-2cc10
In base 16, what is 7b0 - 1b549?
-1ad99
In base 7, what is -14 - -100240?
100223
In base 5, what is 1 + 1201341201212?
1201341201213
In base 5, what is -30114014 + 143?
-30113321
In base 16, what is 3 + 13e9885?
13e9888
In base 14, what is -1 + 749d6cb?
749d6ca
In base 15, what is 8d0 - 3747?
-2d67
In base 13, what is b9 + -1b61c0?
-1b6104
In base 12, what is -2 + -61b774?
-61b776
In base 6, what is -2204135351 + 4?
-2204135343
In base 12, what is -b1 - a7591?
-a7682
In base 4, what is 222030 + 11321001?
12203031
In base 10, what is -20300910 - -34?
-20300876
In base 6, what is 14021 - -125335?
143400
In base 11, what is -1 - -5807338?
5807337
In base 3, what is 1011022020 - 20012?
1011002001
In base 6, what is 10 - 2110020544?
-2110020534
In base 9, what is 10352212 + -36?
10352165
In base 7, what is -21564365 + 0?
-21564365
In base 10, what is 5 - -7315236?
7315241
In base 10, what is 103 - 1605?
-1502
In base 14, what is -110ca4 - -25?
-110c7d
In base 4, what is -202011 - 33100?
-301111
In base 7, what is 26626335 + -16?
26626316
In base 9, what is -1 - -155786835?
155786834
In base 3, what is -12 - -110201101112022?
110201101112010
In base 6, what is 2231 - 2202104?
-2155433
In base 15, what is -24b - -2e74c?
2e501
In base 12, what is 67 - 6347037?
-6346b90
In base 12, what is 5440414 - -4?
5440418
In base 8, what is -247755 - 11?
-247766
In base 8, what is -2 + -703265732?
-703265734
In base 3, what is -1122200220101 - -110?
-1122200212221
In base 2, what is -10010000 - 100001101000111111?
-100001101011001111
In base 2, what is -101010000010 - 11101000001001?
-100010010001011
In base 13, what is -40 + 175818?
1757a8
In base 15, what is -4 + -66cd0c?
-66cd11
In base 4, what is 0 + 22133310210?
22133310210
In base 2, what is 1000000 + -1001010100001011111101?
-1001010100001010111101
In base 4, what is -133 + 1211111132?
1211110333
In base 12, what is 4204 - 5891?
-1689
In base 8, what is 6 - 323357400?
-323357372
In base 15, what is 4856 - -4123?
8979
In base 16, what is -e18417 - 26?
-e1843d
In base 11, what is 1101731 + -23?
1101709
In base 11, what is 3 - -1505507?
150550a
In base 13, what is -975a35a + 3?
-975a357
In base 4, what is 212321 + -2002?
210313
In base 14, what is -713393 - 6?
-713399
In base 7, what is -3300 - 126?
-3426
In base 10, what is 5